What is the remainder when 58 is divided by v?
18
Let z = 106 + -93. Calculate the remainder when z is divided by 6.
1
Let c(w) = w**2 - w + 3. Let v be c(0). Suppose -v*j + 42 = -j. Calculate the remainder when 61 is divided by j.
19
Let w(m) = 3*m + 13. What is the remainder when w(16) is divided by 16?
13
Let t(i) = -2*i + 1. Let y be t(-2). Suppose -2*a - y = -3. Let w = a - -4. Calculate the remainder when w is divided by 2.
1
Let l = 8 - -1. Suppose -4*r = -5*d + 31 + 14, l = d + 2*r. What is the remainder when 17 is divided by d?
8
Let w(h) = 11*h**2 + h. Let t be (-2)/1 - (-6 + 1). Let y = 4 - t. What is the remainder when 34 is divided by w(y)?
10
Let q = -12 + 20. Let i(y) = -y**2 + 7*y + 10. Calculate the remainder when 4 is divided by i(q).
0
What is the remainder when 89/1*1 + -3 is divided by 30?
26
Calculate the remainder when ((-8)/6)/(9/(-432)) is divided by 11.
9
Suppose 48 = 6*a - 3*a. Let u(y) = -2*y - 9. Let j be u(-6). Suppose -2*g = 5*b - 112, -g - j*b = 2*b - 66. Calculate the remainder when g is divided by a.
14
Suppose -5*t = -3*g + 27, 8 = g - 4*t - 1. Suppose g = -5*s + 34, 5*o - 180 = -s. What is the remainder when o is divided by 18?
17
What is the remainder when 85 is divided by 438/15 - (-1)/(-5)?
27
Suppose -3*t + 2*t + 23 = -2*z, 0 = -t + 4*z + 31. Calculate the remainder when 59*(2*-1)/(-2) is divided by t.
14
Suppose -5*g + 14 = 4*c - 2, 2*c - 3*g = -14. What is the remainder when ((-5)/(10/16))/c is divided by 3?
2
Let s(b) = 6*b**3 - b**2 - b. Let h be s(-1). Let t = 15 + h. Suppose q - 3*d + 7 = 0, 5*d - t = 6*q - 4*q. Calculate the remainder when 23 is divided by q.
7
Suppose -5*w + 0*w = 5*o - 10, 28 = 5*w - 4*o. Suppose 3*y = -2*y + 3*j + 70, 0 = 3*j. Calculate the remainder when y is divided by w.
2
Suppose -j = -2 - 3, -102 = -3*z + 3*j. Let x = 80 - 59. Calculate the remainder when z is divided by x.
18
Let a = 5 - 3. Suppose a*z - 30 = -4. Calculate the remainder when 23 is divided by z.
10
Suppose 5*u + 4*h = 2*u + 10, 5*u - 2*h - 34 = 0. What is the remainder when 14 is divided by u?
2
Let c be ((-29)/2*-4)/2. Suppose -5*q - 41 - c = 0. Let d = q + 24. What is the remainder when 28 is divided by d?
8
Suppose 3 = v + 4*m, 2*m = -6*v + v + 87. Calculate the remainder when 74 is divided by v.
17
Calculate the remainder when 41 is divided by 11/(11/(-2)) + 16.
13
Suppose -7*x + 341 = -3*x - 5*z, -4*x + 306 = 2*z. Calculate the remainder when x is divided by 21.
16
Let f = 21 + -12. Let m = -5 + f. Calculate the remainder when m is divided by 3.
1
Let a(y) be the first derivative of 7*y**2/2 + y - 1. Let t = 31 - 29. Calculate the remainder when 44 is divided by a(t).
14
Let t be 1106/35 - 6/10. Suppose 4*h - 9 = t. What is the remainder when 29 is divided by h?
9
Let k(s) = s**2 - 4*s - 12. What is the remainder when 141 is divided by k(10)?
45
Let t(f) = -2*f + 12. Let g be t(5). What is the remainder when 41 + -2 + 0 + -2 is divided by (28/g - -2) + 3?
18
Let v = -3 - -15. What is the remainder when 45 is divided by v?
9
Suppose 3*w = 97 + 71. Suppose -2*p = 2*y - 20, -5*p - 1 = -2*y + 54. Calculate the remainder when w is divided by y.
11
Let k(p) = p**3 - 2*p**2 - 3*p - 2. Suppose 3*n - 11 = 4. What is the remainder when k(4) is divided by n?
3
Suppose 3*j + 4*u - 73 = 0, -4*j + 8*j - 3*u - 139 = 0. Let s = -9 + 25. What is the remainder when j is divided by s?
15
Suppose -9 - 6 = -u. Calculate the remainder when 31 is divided by u.
1
Let s(i) = -i - 24. Let j(y) = 5*y + 119. Let t(d) = -2*j(d) - 11*s(d). What is the remainder when t(0) is divided by 9?
8
Let i(w) = w**2 + 5*w + 2. Let o(c) = -c + 10. Calculate the remainder when i(-5) is divided by o(8).
0
Calculate the remainder when (-488)/(-2)*11/44 is divided by 16.
13
Let r = -22 + 46. Calculate the remainder when 46 is divided by (-20)/(-6)*r/5.
14
Let n(p) be the first derivative of -6*p - p**3 + 1/4*p**4 + 2*p**2 - 1. Calculate the remainder when n(4) is divided by 14.
12
Let h(v) = 7*v + 142. What is the remainder when h(0) is divided by 29?
26
Let l(b) = -5 - b + 0*b**2 + 3*b**2 + 3. Let y be l(-2). Suppose -3*d = 3*o - y, -4*o - d + 16 = 2*d. Calculate the remainder when o is divided by 3.
1
Let s(z) = -z**2 - z. Let g(w) = w**2 + 9*w + 5. Let f(q) = -g(q) - 2*s(q). Let i be f(8). What is the remainder when (-31)/(-4) - i/(-12) is divided by 3?
2
Suppose -u = -0*d - 5*d - 33, -5*d + 225 = 5*u. Calculate the remainder when 83 is divided by u.
40
Suppose -308 = -4*l - 4*i, 0*i = -4*l + 2*i + 302. Let x = 62 - 36. Calculate the remainder when l is divided by x.
24
Calculate the remainder when 8 is divided by 2/7 - 33/(-7).
3
Let d(k) be the third derivative of k**5/60 + 7*k**4/24 + 2*k**3 + 3*k**2. Calculate the remainder when 58 + 0/((-4)/(-2)) is divided by d(-8).
18
Let l(o) = o + 1. Let d(p) = p**2 - p - 4. Calculate the remainder when d(-2) is divided by l(0).
0
Let y be -4 + 39/3 + -1. Let m(z) = -z**3 + 7*z**2 + 12*z - 3. What is the remainder when m(y) is divided by 11?
7
What is the remainder when 9 is divided by (1 - -1)*(-21)/(-14)?
0
Let p be -1 + 2 + 1*-5. Let f = 5 + p. What is the remainder when 12 - (f - 0) - -2 is divided by 5?
3
Suppose 0*g = -5*g + 10. Let k = 2 + g. Suppose -k*a = -2*a - 14. What is the remainder when a is divided by 4?
3
Suppose -r - r - 4*q + 22 = 0, -31 = -5*r - 2*q. Let w = -12 + 2. Let l(p) = -p**2 - 11*p - 2. Calculate the remainder when l(w) is divided by r.
3
Let k(s) = -s**2 - 27*s - 37. What is the remainder when 20 is divided by k(-25)?
7
Suppose -4*j - q - 3*q = -24, -2*j = -q - 3. Calculate the remainder when 54 is divided by j.
0
Suppose 28 = 2*o - 0*o. Suppose -5*v + 432 = -v. Suppose -52 = -4*d + v. What is the remainder when d is divided by o?
12
Let i be (15/(-9))/((-1)/3). Suppose -5*l + 0*l + 45 = i*f, 0 = -2*l - 4. What is the remainder when 40 is divided by f?
7
Let p(q) = 8*q - 47. What is the remainder when p(25) is divided by 14?
13
Suppose -z + 16 + 18 = 0. Calculate the remainder when z is divided by 9.
7
Suppose -6 = -3*u + 21. What is the remainder when ((-9)/12 + 2)*20 is divided by u?
7
Let b(m) = 4*m - 1. Calculate the remainder when 44 is divided by b(6).
21
Suppose l = -l + 122. Let u(n) = -n**3 - 13*n**2 + 15*n + 45. Calculate the remainder when l is divided by u(-14).
30
Suppose -55 - 101 = -4*v. What is the remainder when v is divided by 14?
11
Let l(i) = -18*i**3 + i**2 + i + 1. Suppose -2*a + k + 679 = 3*a, a = -k + 131. Let z = a + -80. What is the remainder when z is divided by l(-1)?
17
Let u = 13 + 13. Calculate the remainder when 101 is divided by u.
23
Let n = 8 + -5. Suppose -4*f = -n*v - f - 15, -f + 5 = -3*v. Suppose 5*r - 77 - 58 = v. What is the remainder when r is divided by 14?
13
Calculate the remainder when 9 + 2 + 1 + 3 is divided by 9.
6
Suppose -5*q - 3*l = -19, -3*q + 0 = 2*l - 12. Suppose q*k + k - 21 = 0. What is the remainder when 12 is divided by k?
5
Suppose 0*o + 3*m + 24 = 3*o, -4*o - m + 57 = 0. What is the remainder when 37 is divided by o?
11
Suppose -3*b + 15 = -24. Calculate the remainder when b is divided by (-6)/(-2) - (1 - 3).
3
What is the remainder when 15 is divided by 75/9 + (-5)/15?
7
Let o(k) = -k**2 + 8*k - 3. Calculate the remainder when o(6) is divided by 4.
1
Suppose -2*l - 2*i = -48, 2*i - 96 = -4*l - 0*i. Calculate the remainder when l is divided by 14.
10
Let z(r) be the first derivative of r**3 + r**2 - 6*r + 3. Calculate the remainder when z(4) is divided by 17.
16
Let d = 68 + -56. Calculate the remainder when d is divided by 12.
0
Let g = 171 - 153. What is the remainder when g is divided by (-4)/6 + 34/6?
3
Let t(x) be the first derivative of 4*x**3/3 - 3*x**2/2 + x + 3. Calculate the remainder when t(-3) is divided by 24.
22
Suppose 3*d + 0*d = m - 39, -186 = -4*m - 3*d. Suppose -m - 85 = -2*w. Calculate the remainder when w is divided by 17.
14
Let s = 37 + 27. Calculate the remainder when s is divided by 19.
7
Suppose -88 + 562 = 3*x. Let h = x - 111. Calculate the remainder when h is divided by 16.
15
What is the remainder when 202 is divided by (79 - -3)*(12/(-8))/(-3)?
38
Let n be 1/4 + (-479)/(-4). Let g = -83 + n. Let x(r) = -3*r - 8. What is the remainder when g is divided by x(-7)?
11
Let i(q) = 2